{"id":127,"date":"2013-02-20T12:05:11","date_gmt":"2013-02-20T12:05:11","guid":{"rendered":"https:\/\/www.caboverdeifn.ifer.cz\/?page_id=127"},"modified":"2013-02-20T12:05:11","modified_gmt":"2013-02-20T12:05:11","slug":"resultados-estatisticos","status":"publish","type":"page","link":"https:\/\/www.caboverdeifn.ifer.cz\/?page_id=127","title":{"rendered":"Resultados Estat\u00edsticos"},"content":{"rendered":"<p><span><a class=\"wpGallery mceItem\" title=\"gallery\" href=\"wp-content\/uploads\/2013\/statisticexpl.jpg\" rel=\"lightbox&lt;img src=\"><img decoding=\"async\" src=\"wp-content\/uploads\/2013\/statisticexpl_thumb.jpg\" width=\"400\" class=\"alignright\"><\/a><\/span><\/p>\n<h2>Descri\u00e7\u00e3o Geral<\/h2>\n<p align=\"justify\">\n  Os principais resultados estat\u00edsticos do  invent\u00e1rio florestal s\u00e3o apresentados na forma de tarefas independentes,  especificamente formulados. Existem atualmente 25 a 40 tarefas avaliadas para todo  Cabo Verde e para cada uma das suas ilhas. \u00c9 de notar, entretanto, que muitas  tarefas adicionais podem ser facilmente formuladas e avaliadas sob demanda com  base no conjunto de dados coletados do IFN. Todas as tarefas foram preparadas e  avaliadas utilizando exclusivamente o software <a href=\"https:\/\/localhost\/caboverdeifn\/www.field-map.com\" target=\"_new\" title=\"Field-Map  Inventory Analyst\">Field-Map Inventory Analyst<\/a> (<a href=\"https:\/\/localhost\/caboverdeifn\/www.field-map.com\" target=\"_new\" title=\"Field-Map  Inventory Analyst\">FMIA<\/a>; <a href=\"https:\/\/www.field-map.com\">www.field-map.com<\/a>, \u00a9 <a href=\"https:\/\/localhost\/caboverdeifn\/www.ifer.cz\" target=\"_new\" title=\"IFER - Institute of Forest Ecosystem Research\">IFER<\/a>, Rep\u00fablica Checa).<\/p>\n<p align=\"justify\">\n  A estrutura das tarefas estat\u00edsticas avaliadas segue  uma estrutura comum, que \u00e9 exemplificada na figura. O cabe\u00e7alho cont\u00e9m o nome  real da tarefa. As informa\u00e7\u00f5es quantificadas s\u00e3o mostradas na tabela  estruturada, que \u00e9 formada por classes apropriadas (por exemplo, grupo de  esp\u00e9cies) e as principais categorias de uso do solo do invent\u00e1rio (sistemas  agroflorestais, floresta, floresta aberta, \u00e1reas arbustivas, se estiver  presente). A  tabela do sub-cabe\u00e7alho d\u00e1, por baixo, as unidades aplic\u00e1veis das estat\u00edsticas  reais calculadas. Estes podem incluir o total ou a m\u00e9dia, juntamente com o  intervalo de confian\u00e7a e participa\u00e7\u00e3o relativa de cada item quantificado.  Opcionalmente, a ilustra\u00e7\u00e3o gr\u00e1fica definida pelo usu\u00e1rio dos resultados da  tarefa est\u00e1 inclu\u00edda nas tabelas abaixo. <\/p>\n<p align=\"justify\">\n  Todos os itens das tarefas estat\u00edsticas avaliadas  s\u00e3o descritos de forma bil\u00edngue, ou seja em Portugu\u00eas e Ingl\u00eas. Os nomes das  esp\u00e9cies est\u00e3o em latim.<\/p>\n<h2>Lista de  Tarefas Avaliadas<\/strong><\/h2>\n<p align=\"justify\">\n  As tarefas  avaliadas s\u00e3o organizadas para o todo Cabo Verde principalmente para suas nove principais  ilhas. Tematicamente, as tarefas s\u00e3o categorizadas pelos seguintes t\u00f3picos:<\/p>\n<ul>\n<li>\u00c1reas;<\/li>\n<li>Volume;<\/li>\n<li>Biomassa;<\/li>\n<li>Carbono;<\/li>\n<li>Danos nas \u00e1rvores;<\/li>\n<li>Regenera\u00e7\u00e3o;<\/li>\n<li>Toi\u00e7as;<\/li>\n<li>Esp\u00e9cies end\u00e9micas.<\/li>\n<\/ul>\n","protected":false},"excerpt":{"rendered":"<p>Descri\u00e7\u00e3o Geral Os principais resultados estat\u00edsticos do invent\u00e1rio florestal s\u00e3o apresentados na forma de tarefas independentes, especificamente formulados. Existem atualmente 25 a 40 tarefas avaliadas para todo Cabo Verde e para cada uma das suas ilhas. \u00c9 de notar, entretanto, que muitas tarefas adicionais podem ser facilmente formuladas e avaliadas sob demanda com base no [&hellip;]<\/p>\n","protected":false},"author":1,"featured_media":0,"parent":0,"menu_order":120,"comment_status":"open","ping_status":"open","template":"page_statisticalresultsexplanation.php","meta":{"footnotes":""},"_links":{"self":[{"href":"https:\/\/www.caboverdeifn.ifer.cz\/index.php?rest_route=\/wp\/v2\/pages\/127"}],"collection":[{"href":"https:\/\/www.caboverdeifn.ifer.cz\/index.php?rest_route=\/wp\/v2\/pages"}],"about":[{"href":"https:\/\/www.caboverdeifn.ifer.cz\/index.php?rest_route=\/wp\/v2\/types\/page"}],"author":[{"embeddable":true,"href":"https:\/\/www.caboverdeifn.ifer.cz\/index.php?rest_route=\/wp\/v2\/users\/1"}],"replies":[{"embeddable":true,"href":"https:\/\/www.caboverdeifn.ifer.cz\/index.php?rest_route=%2Fwp%2Fv2%2Fcomments&post=127"}],"version-history":[{"count":1,"href":"https:\/\/www.caboverdeifn.ifer.cz\/index.php?rest_route=\/wp\/v2\/pages\/127\/revisions"}],"predecessor-version":[{"id":128,"href":"https:\/\/www.caboverdeifn.ifer.cz\/index.php?rest_route=\/wp\/v2\/pages\/127\/revisions\/128"}],"wp:attachment":[{"href":"https:\/\/www.caboverdeifn.ifer.cz\/index.php?rest_route=%2Fwp%2Fv2%2Fmedia&parent=127"}],"curies":[{"name":"wp","href":"https:\/\/api.w.org\/{rel}","templated":true}]}}